{"id":1718,"date":"2021-04-22T08:18:17","date_gmt":"2021-04-22T08:18:17","guid":{"rendered":"https:\/\/bc-institut.com.tr\/?page_id=1718"},"modified":"2021-06-09T14:20:48","modified_gmt":"2021-06-09T14:20:48","slug":"hakkimizda","status":"publish","type":"page","link":"https:\/\/bc-institut.com.tr\/index.php\/hakkimizda\/","title":{"rendered":"Hakk\u0131m\u0131zda"},"content":{"rendered":"<p>[vc_row][vc_column][vc_column_text]<\/p>\n<h3><strong>BC INSTITUT<\/strong><\/h3>\n<p>[\/vc_column_text][vc_column_text el_class=&#8221;hakkimizda-text&#8221;]1897 y\u0131l\u0131nda Zagreb\u2019de (Eski Yugoslavya) kurulan Bc Institut; tarla bitkileri \u00fcretim programlar\u0131 ile farkl\u0131 t\u00fcrlerde ara\u015ft\u0131rma, bitki \u0131slah\u0131, \u00fcretim ve pazarlama konular\u0131nda faaliyet g\u00f6stererek, zamanla H\u0131rvatistan\u2019\u0131n en b\u00fcy\u00fck ara\u015ft\u0131rma kurumu haline gelmi\u015ftir. Daha \u00f6ncesinde Enstit\u00fc olarak sadece Ar-Ge faaliyetleri y\u00fcr\u00fcten Bc Institut; H\u0131rvatistan\u2019\u0131n kurulu\u015fundan bu yana, tarla bitkileri \u0131slah \u00e7al\u0131\u015fmalar\u0131n\u0131n yan\u0131nda, \u00fcretim ve pazarlama konular\u0131nda bir anonim \u015firket olarak faaliyetlerine devam etmektedir. Bc Institut H\u0131rvatistan merkezli olarak, ba\u015fta T\u00fcrkiye olmak \u00fczere Bosna Hersek, S\u0131rbistan, Ukrayna, Portekiz, \u0130talya, \u0130ran, Slovenya, Makedonya, Rusya, Macaristan, Kosova, Arnavutluk, Fransa, \u0130svi\u00e7re, Romanya, \u0130spanya, Kazakistan, Azerbaycan, Bulgaristan, Yunanistan gibi d\u00fcnyan\u0131n bir\u00e7ok \u00fclkesinde faaliyetlerini s\u00fcrd\u00fcrmektedir. Bc Institut\u2019un vizyonu; en son geli\u015fmeler do\u011frultusunda, tamamen do\u011fal y\u00f6ntemlerle, hastal\u0131k ve zararl\u0131lara dayan\u0131kl\u0131, y\u00fcksek verimli, modern tohum \u00fcretimi sa\u011flamakt\u0131r. Kendi \u00e7e\u015fitlerini geli\u015ftirip \u00fcreten \u015firket, \u00fcretim ve da\u011f\u0131t\u0131m organizasyonunu da ger\u00e7ekle\u015ftirir. B\u00fcnyesinde bulunan y\u00fcksek kaliteli gen kaynaklar\u0131n\u0131n daha da iyile\u015ftirilmesi i\u00e7in her y\u0131l ara\u015ft\u0131rma ve \u0131slah ekipleri ile binlerce yeni hibrit \u00fczerinde \u00e7al\u0131\u015f\u0131p, yeni \u00e7e\u015fitler tescil ettirerek, tar\u0131msal \u00fcretimin geli\u015fmesine katk\u0131da bulunur, t\u00fcketicilerinin ya\u015fam kalitesini artt\u0131r\u0131r. Bc Institut\u2019un misyonu uzun vadeli ili\u015fkiler kurmak ve s\u00fcrd\u00fcrmektir. Orijinal \u00fcr\u00fcnler sunan Bc Institut i\u015f ortaklar\u0131n\u0131n ve t\u00fcketicilerin bireysel ihtiya\u00e7lar\u0131 do\u011frultusunda, geneti\u011fiyle oynanmam\u0131\u015f, kaliteli, y\u00fcksek verimli ve tamamen do\u011fal \u00fcr\u00fcnler sunmaktad\u0131r. Bc Institut, 2008 y\u0131l\u0131ndan itibaren T\u00fcrkiye\u2019de yap\u0131lanm\u0131\u015f, \u00fcretim, sat\u0131\u015f, ar-ge, \u00e7e\u015fit tescili, bitki \u0131slah\u0131 ve melezleme faaliyetlerini T\u00fcrkiye\u2019de de yapmaya ba\u015flam\u0131\u015ft\u0131r. Bc Institut, Ankara G\u00f6lba\u015f\u0131nda mukim, toplam kapasitesi 10.000 ton olan ve 2.000 metre karelik depolama hacmi bulunan, son derece modern bir tohum kurutma ve i\u015fleme fabrikas\u0131na sahiptir.[\/vc_column_text][\/vc_column][\/vc_row][vc_row][vc_column][vc_video link=&#8221;https:\/\/www.youtube.com\/watch?v=YQppt1lbbxc&#8221; el_aspect=&#8221;235&#8243; align=&#8221;center&#8221;][\/vc_column][\/vc_row][vc_row][vc_column width=&#8221;1\/2&#8243;][vc_column_text]<blockquote class=\"blockquote-two  krth-blockquote-69f3a616d8fed\">\u201cY\u00fcksek enerji fiyatlar\u0131 nedeniyle m\u0131s\u0131r\u0131n neminin h\u0131zl\u0131 tahliyesi \u00f6nem arz etmektedir. Bc melezleri burada kurutma maliyetini de \u00f6nemli \u00f6l\u00e7\u00fcde azaltmaktad\u0131r\u201d<\/blockquote>[\/vc_column_text][\/vc_column][vc_column width=&#8221;1\/2&#8243;]<div class=\"krth-counter-two \"><div class=\"counter-values\"><div class=\"cvalues\" style=\"\">120<\/div><div class=\"cvalue-in\" style=\"\">+<\/div><\/div><div class=\"counter-label\" style=\"\">Kaliteyle Ge\u00e7en Y\u0131l<\/div><\/div><div class=\"krth-counter-two \"><div class=\"counter-values\"><div class=\"cvalues\" style=\"\">45<\/div><div class=\"cvalue-in\" style=\"\">+<\/div><\/div><div class=\"counter-label\" style=\"\">B\u00f6lgede Hizmet A\u011f\u0131<\/div><\/div><div class=\"krth-counter-two \"><div class=\"counter-values\"><div class=\"cvalues\" style=\"\">1000<\/div><div class=\"cvalue-in\" style=\"\">+<\/div><\/div><div class=\"counter-label\" style=\"\">Mutlu \u00fc\u015fteri Deneyimi<\/div><\/div>[\/vc_column][\/vc_row][vc_row][vc_column][vc_video link=&#8221;https:\/\/www.youtube.com\/watch?v=ra4X0rVhrzE&#8221; el_aspect=&#8221;235&#8243; align=&#8221;center&#8221;][vc_empty_space height=&#8221;45px&#8221;][vc_video link=&#8221;https:\/\/www.youtube.com\/watch?v=aPwH0E5pMFU&#8221; el_aspect=&#8221;235&#8243; align=&#8221;center&#8221;][vc_empty_space height=&#8221;45px&#8221;][vc_video link=&#8221;https:\/\/www.youtube.com\/watch?v=t9zgEqq7Yno&#8221; el_aspect=&#8221;235&#8243; align=&#8221;center&#8221;][vc_empty_space height=&#8221;45px&#8221;][vc_video link=&#8221;https:\/\/www.youtube.com\/watch?v=tizuXmA64gI&#8221; el_aspect=&#8221;235&#8243; align=&#8221;center&#8221;][\/vc_column][\/vc_row]<\/p>\n","protected":false},"excerpt":{"rendered":"[vc_row][vc_column][vc_column_text] BC INSTITUT [\/vc_column_text][vc_column_text el_class=&#8221;hakkimizda-text&#8221;]1897 y\u0131l\u0131nda Zagreb\u2019de (Eski Yugoslavya) kurulan Bc Institut; tarla bitkileri \u00fcretim programlar\u0131 ile farkl\u0131 t\u00fcrlerde ara\u015ft\u0131rma, bitki \u0131slah\u0131, \u00fcretim ve pazarlama konular\u0131nda faaliyet g\u00f6stererek, zamanla H\u0131rvatistan\u2019\u0131n en b\u00fcy\u00fck ara\u015ft\u0131rma kurumu haline gelmi\u015ftir. Daha \u00f6ncesinde Enstit\u00fc olarak sadece Ar-Ge faaliyetleri y\u00fcr\u00fcten Bc Institut; H\u0131rvatistan\u2019\u0131n kurulu\u015fundan bu yana, tarla bitkileri \u0131slah \u00e7al\u0131\u015fmalar\u0131n\u0131n yan\u0131nda,[&#8230;]","protected":false},"author":1,"featured_media":0,"parent":0,"menu_order":0,"comment_status":"closed","ping_status":"closed","template":"","meta":{"footnotes":""},"class_list":["post-1718","page","type-page","status-publish","hentry"],"_links":{"self":[{"href":"https:\/\/bc-institut.com.tr\/index.php\/wp-json\/wp\/v2\/pages\/1718","targetHints":{"allow":["GET"]}}],"collection":[{"href":"https:\/\/bc-institut.com.tr\/index.php\/wp-json\/wp\/v2\/pages"}],"about":[{"href":"https:\/\/bc-institut.com.tr\/index.php\/wp-json\/wp\/v2\/types\/page"}],"author":[{"embeddable":true,"href":"https:\/\/bc-institut.com.tr\/index.php\/wp-json\/wp\/v2\/users\/1"}],"replies":[{"embeddable":true,"href":"https:\/\/bc-institut.com.tr\/index.php\/wp-json\/wp\/v2\/comments?post=1718"}],"version-history":[{"count":11,"href":"https:\/\/bc-institut.com.tr\/index.php\/wp-json\/wp\/v2\/pages\/1718\/revisions"}],"predecessor-version":[{"id":1910,"href":"https:\/\/bc-institut.com.tr\/index.php\/wp-json\/wp\/v2\/pages\/1718\/revisions\/1910"}],"wp:attachment":[{"href":"https:\/\/bc-institut.com.tr\/index.php\/wp-json\/wp\/v2\/media?parent=1718"}],"curies":[{"name":"wp","href":"https:\/\/api.w.org\/{rel}","templated":true}]}}