{"id":1826,"date":"2021-05-26T07:08:33","date_gmt":"2021-05-26T07:08:33","guid":{"rendered":"https:\/\/bc-institut.com.tr\/?post_type=product&#038;p=1826"},"modified":"2021-05-29T13:41:54","modified_gmt":"2021-05-29T13:41:54","slug":"valbom","status":"publish","type":"product","link":"https:\/\/bc-institut.com.tr\/index.php\/product\/valbom\/","title":{"rendered":"VALBOM"},"content":{"rendered":"<p>\u2022 Tek melez hibrit \u00e7e\u015fittir.<br \/>\n\u2022 Yapraklar\u0131 dik geli\u015fir.<br \/>\n\u2022 Ko\u00e7an \u015fekli konik olup yeti\u015ftiricili\u011fe ba\u011fl\u0131<br \/>\nolarak 14-18 s\u0131ral\u0131d\u0131r.<br \/>\n\u2022 Yaprak hastal\u0131klar\u0131na, sap k\u0131r\u0131lmalar\u0131na<br \/>\nve yatmaya kar\u015f\u0131 dayan\u0131kl\u0131d\u0131r.<br \/>\n\u2022 G\u00fc\u00e7l\u00fc ve ye\u015fil kalan bir sapa sahiptir, bu<br \/>\nsap \u00fczerinde \u00e7ok b\u00fcy\u00fck ko\u00e7anlar olu\u015fur.<br \/>\n\u2022 H\u0131zl\u0131 \u00e7imlenme ve s\u00fcrme g\u00fcc\u00fcne sahiptir.<br \/>\n\u2022 Makineli hasata uygundur.<br \/>\n\u2022 Silaj ama\u00e7l\u0131 kullan\u0131labilecek rakipsiz bir \u00e7e\u015fittir.<br \/>\n\u2022 B\u00f6lgelere g\u00f6re de\u011fi\u015fmekle birlikte 7-10<br \/>\nton\/da slaj performans\u0131na sahiptir.<\/p>\n","protected":false},"excerpt":{"rendered":"\u2022 Tek melez hibrit \u00e7e\u015fittir.\r\n\u2022 Yapraklar\u0131 dik geli\u015fir.\r\n\u2022 Ko\u00e7an \u015fekli konik olup yeti\u015ftiricili\u011fe ba\u011fl\u0131\r\nolarak 14-18 s\u0131ral\u0131d\u0131r.\r\n\u2022 Yaprak hastal\u0131klar\u0131na, sap k\u0131r\u0131lmalar\u0131na\r\nve yatmaya kar\u015f\u0131 dayan\u0131kl\u0131d\u0131r.\r\n\u2022 G\u00fc\u00e7l\u00fc ve ye\u015fil kalan bir sapa sahiptir, bu\r\nsap \u00fczerinde \u00e7ok b\u00fcy\u00fck ko\u00e7anlar olu\u015fur.","protected":false},"featured_media":1827,"template":"","meta":[],"class_list":["post-1826","product","type-product","status-publish","has-post-thumbnail","hentry","product_cat-hibrit-misir-tohumlari"],"_links":{"self":[{"href":"https:\/\/bc-institut.com.tr\/index.php\/wp-json\/wp\/v2\/product\/1826","targetHints":{"allow":["GET"]}}],"collection":[{"href":"https:\/\/bc-institut.com.tr\/index.php\/wp-json\/wp\/v2\/product"}],"about":[{"href":"https:\/\/bc-institut.com.tr\/index.php\/wp-json\/wp\/v2\/types\/product"}],"wp:featuredmedia":[{"embeddable":true,"href":"https:\/\/bc-institut.com.tr\/index.php\/wp-json\/wp\/v2\/media\/1827"}],"wp:attachment":[{"href":"https:\/\/bc-institut.com.tr\/index.php\/wp-json\/wp\/v2\/media?parent=1826"}],"curies":[{"name":"wp","href":"https:\/\/api.w.org\/{rel}","templated":true}]}}