{"id":1838,"date":"2021-05-26T07:20:48","date_gmt":"2021-05-26T07:20:48","guid":{"rendered":"https:\/\/bc-institut.com.tr\/?post_type=product&#038;p=1838"},"modified":"2021-05-29T13:41:52","modified_gmt":"2021-05-29T13:41:52","slug":"bc376-susu","status":"publish","type":"product","link":"https:\/\/bc-institut.com.tr\/index.php\/product\/bc376-susu\/","title":{"rendered":"BC376 Susu"},"content":{"rendered":"<p>\u2022 FAO 300 olgunla\u015fma grubunda erkenci<br \/>\ntek melez hibrit \u00e7e\u015fittir.<br \/>\n\u2022 Bitki boyu 180 &#8211; 250 cm\u2019dir.<br \/>\n\u2022 Tane ko\u00e7an oran\u0131 % 82 &#8211; 89\u2019dur.<br \/>\n\u2022 Yeti\u015ftirildi\u011fi b\u00f6lgeye g\u00f6re 70 &#8211; 95 g\u00fcnde<br \/>\nhasat olgunlu\u011funa gelmektedir.<br \/>\n\u2022 \u0130kinci \u00fcr\u00fcn olarak ekime uygundur.<br \/>\n\u2022 Taze ko\u00e7an verimi 1200 &#8211; 1600 kg\/da\u2019d\u0131r.<br \/>\n\u2022 Y\u00fcksek \u015feker oran\u0131na sahip lezzetli bir<br \/>\n\u00e7e\u015fittir.<br \/>\n\u2022 Pi\u015firilme esnas\u0131nda 5 10 dk. kaynamas\u0131<br \/>\nyeterlidir.<\/p>\n","protected":false},"excerpt":{"rendered":"\u2022 FAO 300 olgunla\u015fma grubunda erkenci\r\ntek melez hibrit \u00e7e\u015fittir.\r\n\u2022 Bitki boyu 180 &#8211; 250 cm\u2019dir.\r\n\u2022 Tane ko\u00e7an oran\u0131 % 82 &#8211; 89\u2019dur.\r\n\u2022 Yeti\u015ftirildi\u011fi b\u00f6lgeye g\u00f6re 70 &#8211; 95 g\u00fcnde\r\nhasat olgunlu\u011funa gelmektedir.\r\n\u2022 \u0130kinci \u00fcr\u00fcn olarak ekime uygundur.\r\n\u2022 Taze ko\u00e7an verimi 1200 &#8211; 1600 kg\/da\u2019d\u0131r.","protected":false},"featured_media":1839,"template":"","meta":[],"class_list":["post-1838","product","type-product","status-publish","has-post-thumbnail","hentry","product_cat-hibrit-misir-tohumlari"],"_links":{"self":[{"href":"https:\/\/bc-institut.com.tr\/index.php\/wp-json\/wp\/v2\/product\/1838","targetHints":{"allow":["GET"]}}],"collection":[{"href":"https:\/\/bc-institut.com.tr\/index.php\/wp-json\/wp\/v2\/product"}],"about":[{"href":"https:\/\/bc-institut.com.tr\/index.php\/wp-json\/wp\/v2\/types\/product"}],"wp:featuredmedia":[{"embeddable":true,"href":"https:\/\/bc-institut.com.tr\/index.php\/wp-json\/wp\/v2\/media\/1839"}],"wp:attachment":[{"href":"https:\/\/bc-institut.com.tr\/index.php\/wp-json\/wp\/v2\/media?parent=1838"}],"curies":[{"name":"wp","href":"https:\/\/api.w.org\/{rel}","templated":true}]}}