{"id":1848,"date":"2021-05-26T14:00:24","date_gmt":"2021-05-26T14:00:24","guid":{"rendered":"https:\/\/bc-institut.com.tr\/?post_type=product&#038;p=1848"},"modified":"2021-05-29T13:59:55","modified_gmt":"2021-05-29T13:59:55","slug":"bernarda","status":"publish","type":"product","link":"https:\/\/bc-institut.com.tr\/index.php\/product\/bernarda\/","title":{"rendered":"BERNARDA"},"content":{"rendered":"<p>\u2022 Ba\u015fak Tipi: Beyaz ba\u015fakl\u0131, k\u0131l\u00e7\u0131kl\u0131 bir \u00e7e\u015fittir.<br \/>\n\u2022 Dane: K\u0131rm\u0131z\u0131 sert ekmeklik bu\u011fday<br \/>\n\u2022 Vejetasyon s\u00fcresi: Orta ge\u00e7<br \/>\n\u2022 Bitki Boyu: 90-110 cm<br \/>\n\u2022 Verim: 550-800 kg\/da<br \/>\n\u2022 Hektolitre A\u011f\u0131rl\u0131\u011f\u0131: 79-82 kg<br \/>\n\u2022 1000 dane a\u011f\u0131rl\u0131\u011f\u0131: 40-43 gr<br \/>\n\u2022 Protein: %12,8-14,2<br \/>\n\u2022 Sedimentasyon: 48-57 ml<br \/>\n\u2022 Gluten: 32-44<br \/>\n\u2022 Adaptasyon Kabiliyeti: \u00c7ok iyi<br \/>\n\u2022 K\u0131\u015fl\u0131k bir \u00e7e\u015fit olup so\u011fu\u011fa dayan\u0131kl\u0131d\u0131r.<br \/>\n\u2022 Kuru ve sulu tar\u0131m alanlar\u0131 i\u00e7in \u00f6nerilir.<br \/>\n\u2022 \u00d6zellikle sulu tar\u0131m alanlar\u0131nda \u00e7ok y\u00fcksek<br \/>\nverim sa\u011flar.<br \/>\n\u2022 Yatmaya kar\u015f\u0131 dayan\u0131m\u0131 \u00e7ok iyidir.<br \/>\n\u2022 Hastal\u0131klara dayan\u0131kl\u0131d\u0131r.<br \/>\n\u2022 Un kalitesi ve enerji de\u011feri y\u00fcksek kaliteli bir<br \/>\n\u00e7e\u015fittir.<br \/>\n\u2022 Do\u011fu Marmara ve Bat\u0131 Karadeniz B\u00f6lgeleri i\u00e7in<br \/>\n\u00f6nemle tavsiye edilir.<\/p>\n","protected":false},"excerpt":{"rendered":"\u2022 Ba\u015fak Tipi: Beyaz ba\u015fakl\u0131, k\u0131l\u00e7\u0131kl\u0131 bir \u00e7e\u015fittir.\r\n\u2022 Dane: K\u0131rm\u0131z\u0131 sert ekmeklik bu\u011fday\r\n\u2022 Vejetasyon s\u00fcresi: Orta ge\u00e7\r\n\u2022 Bitki Boyu: 90-110 cm\r\n\u2022 Verim: 550-800 kg\/da\r\n\u2022 Hektolitre A\u011f\u0131rl\u0131\u011f\u0131: 79-82 kg\r\n\u2022 1000 dane a\u011f\u0131rl\u0131\u011f\u0131: 40-43 gr\r\n\u2022 Protein: %12,8-14,2\r\n\u2022 Sedimentasyon: 48-57 ml","protected":false},"featured_media":1849,"template":"","meta":[],"class_list":["post-1848","product","type-product","status-publish","has-post-thumbnail","hentry","product_cat-bugday","product_cat-tahillar"],"_links":{"self":[{"href":"https:\/\/bc-institut.com.tr\/index.php\/wp-json\/wp\/v2\/product\/1848","targetHints":{"allow":["GET"]}}],"collection":[{"href":"https:\/\/bc-institut.com.tr\/index.php\/wp-json\/wp\/v2\/product"}],"about":[{"href":"https:\/\/bc-institut.com.tr\/index.php\/wp-json\/wp\/v2\/types\/product"}],"wp:featuredmedia":[{"embeddable":true,"href":"https:\/\/bc-institut.com.tr\/index.php\/wp-json\/wp\/v2\/media\/1849"}],"wp:attachment":[{"href":"https:\/\/bc-institut.com.tr\/index.php\/wp-json\/wp\/v2\/media?parent=1848"}],"curies":[{"name":"wp","href":"https:\/\/api.w.org\/{rel}","templated":true}]}}