{"id":1894,"date":"2021-05-29T15:04:58","date_gmt":"2021-05-29T15:04:58","guid":{"rendered":"https:\/\/bc-institut.com.tr\/?post_type=product&#038;p=1894"},"modified":"2021-05-29T15:07:12","modified_gmt":"2021-05-29T15:07:12","slug":"kanola","status":"publish","type":"product","link":"https:\/\/bc-institut.com.tr\/index.php\/product\/kanola\/","title":{"rendered":"KANOLA"},"content":{"rendered":"<p><img loading=\"lazy\" decoding=\"async\" class=\"alignnone  wp-image-1873\" src=\"https:\/\/bc-institut.com.tr\/wp-content\/uploads\/2021\/05\/kanola-300x57.png\" alt=\"\" width=\"947\" height=\"180\" srcset=\"https:\/\/bc-institut.com.tr\/wp-content\/uploads\/2021\/05\/kanola-300x57.png 300w, https:\/\/bc-institut.com.tr\/wp-content\/uploads\/2021\/05\/kanola-440x84.png 440w, https:\/\/bc-institut.com.tr\/wp-content\/uploads\/2021\/05\/kanola.png 762w\" sizes=\"auto, (max-width: 947px) 100vw, 947px\" \/><\/p>\n<p>&nbsp;<\/p>\n<p>Kanola, kolzan\u0131n \u0131slah\u0131 sonucu elde edilmi\u015f, bir bitki t\u00fcr\u00fcd\u00fcr. Kanola\u2019n\u0131n anavatan\u0131 Asya ve Avrupa (Akdeniz)\u2019d\u0131r. Eski Yunanl\u0131lar ve Romal\u0131lar taraf\u0131ndan petrol ve lambalar i\u00e7in kullan\u0131l\u0131rd\u0131.<\/p>\n<p>Kanola tohumu % 49 ya\u011f ihtiva eder ve y\u00fcksek kaliteli ya\u011f i\u00e7erir. Ayr\u0131ca i\u00e7eri\u011finde % 20 protein bulunur.<\/p>\n<p>Kanola ya\u011f\u0131 insan beslenmesinde veya teknik ama\u00e7lar i\u00e7in (boya \u00fcretimi, vernik, kayganla\u015ft\u0131r\u0131c\u0131, biodizel, sabun, tekstil ve deri end\u00fcstrilerinde) kullan\u0131lmaktad\u0131r.<\/p>\n<p>Kanola tohumu kanatl\u0131 hayvanlar\u0131n beslenmesinde de \u00f6nemli rol oynamaktad\u0131r ve iyi bir protein kayna\u011f\u0131d\u0131r.<\/p>\n<p>Bunun yan\u0131nda kanola tohumu ye\u015fil yem olarak da kullan\u0131lmaktad\u0131r. Ayr\u0131ca saklanabilir, korunabilir ve daha sonra da kullan\u0131labilir.<\/p>\n<p>Kanola ar\u0131lar i\u00e7in de m\u00fckemmel bir \u00e7ay\u0131r bitkisidir. Birinci \u00fcr\u00fcn olarak ekilebilir, k\u00f6k geli\u015fimi iyidir, bir sonraki bitkiye de\u011ferli bir toprak b\u0131rakan m\u00fcnavebe bitkisidir.<\/p>\n","protected":false},"excerpt":{"rendered":"<strong>Brassica napus<\/strong>\r\n\r\nKanola, kolzan\u0131n \u0131slah\u0131 sonucu elde edilmi\u015f, bir bitki t\u00fcr\u00fcd\u00fcr. Kanola\u2019n\u0131n anavatan\u0131 Asya ve Avrupa (Akdeniz)\u2019d\u0131r. Eski Yunanl\u0131lar ve Romal\u0131lar taraf\u0131ndan petrol ve lambalar i\u00e7in kullan\u0131l\u0131rd\u0131.\r\n\r\nKanola tohumu % 49 ya\u011f ihtiva eder ve y\u00fcksek kaliteli ya\u011f i\u00e7erir. Ayr\u0131ca i\u00e7eri\u011finde % 20 protein bulunur.\r\n\r\nKanola ya\u011f\u0131 insan beslenmesinde veya teknik ama\u00e7lar i\u00e7in (boya \u00fcretimi, vernik, kayganla\u015ft\u0131r\u0131c\u0131, biodizel, sabun, tekstil ve deri end\u00fcstrilerinde) kullan\u0131lmaktad\u0131r.","protected":false},"featured_media":1874,"template":"","meta":[],"class_list":["post-1894","product","type-product","status-publish","has-post-thumbnail","hentry","product_cat-kanola","product_cat-yagli-tohumlar"],"_links":{"self":[{"href":"https:\/\/bc-institut.com.tr\/index.php\/wp-json\/wp\/v2\/product\/1894","targetHints":{"allow":["GET"]}}],"collection":[{"href":"https:\/\/bc-institut.com.tr\/index.php\/wp-json\/wp\/v2\/product"}],"about":[{"href":"https:\/\/bc-institut.com.tr\/index.php\/wp-json\/wp\/v2\/types\/product"}],"wp:featuredmedia":[{"embeddable":true,"href":"https:\/\/bc-institut.com.tr\/index.php\/wp-json\/wp\/v2\/media\/1874"}],"wp:attachment":[{"href":"https:\/\/bc-institut.com.tr\/index.php\/wp-json\/wp\/v2\/media?parent=1894"}],"curies":[{"name":"wp","href":"https:\/\/api.w.org\/{rel}","templated":true}]}}